lculate the greatest common factor of 32 and 2528.
32
What is the greatest common divisor of 300 and 340?
20
What is the highest common factor of 3840 and 40?
40
Calculate the highest common factor of 89 and 169545.
89
What is the greatest common divisor of 40885 and 37?
37
Calculate the greatest common factor of 344 and 56.
8
Calculate the highest common factor of 507 and 39.
39
What is the highest common factor of 19 and 95?
19
Calculate the highest common divisor of 32 and 11848.
8
What is the highest common divisor of 46 and 598?
46
Calculate the highest common divisor of 4674 and 30.
6
What is the highest common factor of 118125 and 189?
189
Calculate the highest common factor of 99 and 132.
33
Calculate the highest common factor of 246 and 574.
82
Calculate the highest common divisor of 73750 and 295.
295
Calculate the greatest common factor of 33 and 27.
3
Calculate the highest common factor of 205 and 55.
5
Calculate the highest common factor of 36 and 81.
9
Calculate the greatest common factor of 42912 and 192.
96
Calculate the highest common divisor of 304 and 228.
76
Calculate the greatest common factor of 128 and 8.
8
What is the highest common divisor of 8 and 28?
4
Calculate the highest common divisor of 30 and 12.
6
Calculate the highest common divisor of 817 and 19.
19
What is the highest common factor of 148 and 35964?
148
What is the greatest common factor of 120 and 3660?
60
What is the greatest common factor of 2108 and 136?
68
What is the greatest common factor of 100 and 565?
5
Calculate the greatest common factor of 384 and 4848.
48
What is the highest common factor of 469 and 67?
67
What is the greatest common divisor of 266 and 190?
38
What is the greatest common divisor of 57 and 4047?
57
What is the greatest common factor of 32 and 832?
32
Calculate the greatest common factor of 9 and 396.
9
What is the greatest common factor of 93 and 6?
3
What is the greatest common factor of 5160 and 120?
120
What is the highest common factor of 1768 and 17?
17
Calculate the highest common divisor of 57 and 95.
19
Calculate the greatest common divisor of 5106 and 276.
138
Calculate the highest common divisor of 2032 and 128.
16
Calculate the highest common factor of 880 and 330.
110
Calculate the greatest common divisor of 2730 and 5.
5
What is the greatest common factor of 227 and 9761?
227
Calculate the highest common divisor of 3059 and 38.
19
What is the highest common factor of 96 and 522?
6
Calculate the greatest common divisor of 84 and 399.
21
Calculate the highest common factor of 36603 and 21.
21
What is the greatest common divisor of 42 and 3423?
21
Calculate the highest common factor of 22 and 110.
22
Calculate the highest common divisor of 4365 and 45.
45
What is the greatest common divisor of 4818 and 24?
6
What is the highest common factor of 171 and 135?
9
What is the highest common factor of 16 and 536?
8
Calculate the highest common factor of 112 and 3976.
56
What is the greatest common divisor of 5 and 145?
5
What is the highest common divisor of 24 and 198?
6
What is the greatest common divisor of 31 and 2015?
31
What is the greatest common factor of 13 and 5135?
13
Calculate the highest common divisor of 36 and 117.
9
Calculate the greatest common divisor of 30 and 480.
30
Calculate the highest common divisor of 58 and 406.
58
Calculate the highest common factor of 137 and 35209.
137
What is the greatest common factor of 77 and 176?
11
Calculate the highest common divisor of 36 and 18.
18
Calculate the highest common factor of 1105 and 13.
13
Calculate the greatest common divisor of 1152 and 9.
9
Calculate the highest common factor of 192 and 162.
6
What is the greatest common factor of 1143 and 254?
127
What is the greatest common factor of 3363 and 969?
57
What is the highest common divisor of 17498 and 26?
26
Calculate the highest common factor of 45 and 15.
15
Calculate the highest common divisor of 19 and 16169.
19
What is the highest common factor of 2904 and 1188?
132
What is the greatest common divisor of 102 and 41718?
102
Calculate the highest common factor of 480 and 180.
60
What is the greatest common factor of 539 and 11?
11
What is the greatest common factor of 6 and 246?
6
What is the greatest common divisor of 55 and 2398?
11
Calculate the greatest common factor of 63 and 42.
21
What is the greatest common divisor of 198 and 418?
22
Calculate the greatest common divisor of 76 and 36.
4
Calculate the highest common divisor of 323 and 1292.
323
Calculate the highest common divisor of 12455 and 235.
235
Calculate the greatest common factor of 6 and 4.
2
Calculate the greatest common factor of 416 and 352.
32
What is the greatest common factor of 84 and 196?
28
Calculate the greatest common divisor of 19171 and 19.
19
What is the highest common factor of 240 and 15?
15
Calculate the greatest common divisor of 779 and 1312.
41
Calculate the highest common factor of 39 and 1417.
13
What is the highest common divisor of 20 and 380?
20
Calculate the greatest common factor of 444 and 333.
111
What is the greatest common factor of 34 and 16269?
17
What is the greatest common factor of 3 and 684?
3
Calculate the highest common divisor of 215 and 688.
43
What is the highest common divisor of 464 and 899?
29
Calculate the greatest common factor of 51 and 3009.
51
Calculate the highest common factor of 495 and 45.
45
What is the greatest common divisor of 4400 and 1280?
80
Calculate the greatest common factor of 11 and 2937.
11
What is the highest common factor of 126 and 72?
18
What is the highest common divisor of 84 and 2118?
6
What is the greatest common factor of 204 and 48?
12
Calculate the highest common divisor of 1818 and 18.
18
Calculate the greatest common factor of 106 and 24274.
106
Calculate the highest common divisor of 22 and 671.
11
Calculate the greatest common divisor of 36 and 468.
36
Calculate the highest common divisor of 1846 and 9798.
142
Calculate the greatest common divisor of 13 and 65.
13
Calculate the greatest common factor of 120 and 440.
40
Calculate the greatest common divisor of 6 and 78.
6
Calculate the highest common divisor of 3636 and 36.
36
Calculate the highest common factor of 204 and 1734.
102
What is the highest common factor of 258 and 16598?
86
What is the greatest common factor of 1984 and 186?
62
What is the highest common divisor of 29 and 58?
29
What is the greatest common factor of 26 and 3809?
13
What is the highest common divisor of 3276 and 48?
12
What is the highest common divisor of 18 and 1206?
18
What is the greatest common divisor of 11 and 319?
11
What is the highest common divisor of 40 and 232?
8
What is the greatest common divisor of 32 and 8?
8
Calculate the highest common factor of 92 and 172.
4
What is the highest common factor of 29909 and 11?
11
What is the highest common divisor of 80 and 520?
40
What is the greatest common factor of 12 and 148?
4
What is the highest common divisor of 3945 and 30?
15
What is the highest common factor of 220 and 20?
20
What is the greatest common factor of 6396 and 572?
52
What is the highest common factor of 4608 and 18?
18
Calculate the greatest common factor of 304 and 57.
19
Calculate the greatest common divisor of 864 and 108.
108
Calculate the greatest common divisor of 125 and 100.
25
What is the highest common factor of 394 and 1773?
197
What is the highest common factor of 19 and 107?
1
What is the highest common divisor of 234 and 3588?
78
What is the highest common factor of 20 and 470?
10
Calculate the highest common divisor of 2506 and 70.
14
Calculate the highest common factor of 48 and 492.
12
What is the greatest common factor of 136 and 8024?
136
Calculate the highest common divisor of 8 and 20.
4
What is the highest common divisor of 62 and 6?
2
What is the greatest common divisor of 74 and 1369?
37
Calculate the greatest common factor of 264 and 3069.
33
Calculate the highest common factor of 48 and 208.
16
What is the highest common factor of 75 and 50?
25
What is the greatest common factor of 290 and 928?
58
Calculate the greatest common divisor of 22 and 473.
11
What is the greatest common divisor of 14 and 35?
7
Calculate the greatest common divisor of 423 and 171.
9
What is the hig